)?
7
Let x(o) = -o**2 + 11*o + 3. Let g be x(9). Let l = -21 + g. Let j(q) = -3*q + 23. Let n(m) = -m + 8. Let d(b) = -3*j(b) + 8*n(b). Give d(l).
-5
Let t(b) = -5*b + 3*b - b. Let u(m) = -m + 10. Suppose 4*s - s + 4*f - 24 = 0, -2*s + 4*f + 16 = 0. Let a be u(s). What is t(a)?
-6
Let g(x) = x - 4. Let p be g(6). Suppose p*s - i = -1, 0*s + i + 2 = s. Let z(b) = -b**2 - 2*b - 3. What is z(s)?
-6
Suppose v - 55 = -50. Let l(r) = -r**2 + r - 1. Let j(o) = -o**3 + 11*o**2 - 7*o + 10. Let z(q) = -j(q) - 6*l(q). Calculate z(v).
1
Suppose 5*q - 33 = -4*g, 6*g - 2*g = 3*q - 7. Let a(w) = w**3 - 3*w**2 + 2*w. Give a(g).
0
Let s(n) = -10*n - 19. Let q(g) = 3*g + 6. Suppose -3 = h - 1. Let f(d) = h*s(d) - 7*q(d). Let r = -8 + 4. Give f(r).
0
Let c(o) = -2*o + 0*o - 2*o + 3*o - 4. Let b = 16 + -11. Determine c(b).
-9
Let k(d) = -4*d + 4 + 2*d**2 + 0*d + 0*d + 0. Give k(3).
10
Suppose -1 + 5 = 2*y. Suppose -5*v - 4 = -14, 0 = -y*u - 4*v + 12. Let r(z) = z**3 - 2*z**2 + 2*z - 3. Calculate r(u).
1
Let a(q) be the first derivative of q**3/3 - 2*q**2 + 2*q - 8. Calculate a(6).
14
Let w be ((-5)/3)/(1/(-3)). Let f(t) = 0 - w*t + 6*t + 0 + 2. Calculate f(2).
4
Suppose 3*l + 18 = -0*l + 2*n, -5*l + 2*n = 30. Let b(v) = -v + 5. Let s(r) = -14 - r + r + 3*r. Let f(y) = l*s(y) - 17*b(y). What is f(-5)?
4
Let f(y) = -y**3 + 9*y**2 + 11*y - 11. Let w be f(10). Let u(d) be the first derivative of -7*d**4/4 + 1. Calculate u(w).
7
Let z = -12 - -6. Let u(a) = a**3 - 8*a**2 + 3*a + 4. Let f(p) = -3*p**3 + 17*p**2 - 7*p - 8. Let i(j) = 2*f(j) + 5*u(j). Calculate i(z).
-2
Let n(z) = z**3 - 5*z**2 + 5*z - 4. Let m be n(4). Suppose m*g - 4 = 2*g. Let h(r) = 0*r - r**2 + 3*r + 7*r**2 + 3 - 3*r**2. What is h(g)?
9
Let c(z) = -z + 7. Let o be c(5). Let v(h) = -h**3 - 6*h + 5 - 5*h**2 - 8 + o*h. What is v(-3)?
-9
Let w(x) = 24*x + 15. Let u(f) = f + 1. Let n(g) = -15*u(g) + w(g). Suppose 3*b - 2*r = 7, -4*b + 6*r + 16 = 2*r. Determine n(b).
-9
Let r = -3 + 5. Let t be (2/(-3) + 1)*3. Let c(n) = 6*n**r + 4*n**2 - n**2 - 2*n + t. What is c(1)?
8
Let s(q) = 2*q**3 + 3*q**2 + 5*q + 5. Let u(l) = -l**3 - 2*l**2 - 3*l - 3. Let r(j) = -3*s(j) - 7*u(j). Determine r(-4).
-2
Let t(d) = -d**3 + 7*d**2 - d + 9. Let l be t(7). Let u(x) = x + 4. Let v(i) = -i - 3. Let h(j) = l*u(j) + 3*v(j). Calculate h(1).
-2
Suppose -4*c - 8 = 16. Let m be (0 + 5)/(c - -5). Let v(y) = 3*y - 8 + 1 + y**2 + 9 - 7. Determine v(m).
5
Let i = -90 + 94. Let m(c) = 2*c + 1. Calculate m(i).
9
Let i(u) = -u**3 - u**2 + u + 1. Let o(m) = -5*m**3 + 3*m**2 - 4*m - 3. Let l(w) = -3*i(w) - o(w). Calculate l(-1).
-9
Let i = -13 + 17. Let y(q) be the first derivative of -q - 4/3*q**3 + 2 - 5/2*q**2 + 1/4*q**i. Determine y(5).
-1
Let o(u) = -3*u - 42. Let d(g) = -2*g - 28. Let x(i) = 8*d(i) - 5*o(i). Determine x(0).
-14
Let x(k) = -k**3 - 4*k**2 + 4*k. Suppose -2*v - 2*v = 8. Let b be 1/((-18)/(-10) + v). Give x(b).
5
Let b(t) = -4*t**2 - 4 + 0*t**3 - t**3 + 2*t**3. Let h(g) = -g**2 - g + 22. Let o be h(0). Let y = -18 + o. Give b(y).
-4
Let x be -1 + -1 + (0 - -2). Let h(n) = n**3 - n**2 + n + 3. Give h(x).
3
Let c(h) = 1 + 3 + 5*h**3 - 3 - h - h**2. Let m be (-2)/(-8) + (-1)/4. Suppose -1 = -m*o - o. Give c(o).
4
Let p(t) = -7 + t**2 - 2 + 8 + 3*t - 2*t**2. Give p(3).
-1
Let c(f) = 2*f**2 + 3*f + 0*f - 3*f**2 - 1 + 2*f. What is c(6)?
-7
Let r(g) = -6*g**2 - 3*g + 2. Let l(x) = -x**2 + 1. Let o(y) = -5*l(y) + r(y). Let z = 13 - 15. Calculate o(z).
-1
Let x(i) = 6*i - 1. Let s = 14 + -11. Let m = s + -2. Give x(m).
5
Suppose -2*h + 2*j + 2*j + 10 = 0, -3*h = 4*j - 15. Let l(t) = -t**3 + 8*t**2 - 7*t + 1. Let y be l(7). Let o(c) = 2 - c - y + h*c. Calculate o(-1).
-3
Let t(w) be the second derivative of -w**8/6720 + w**7/840 + w**6/180 - w**4/6 - 7*w. Let k(u) be the third derivative of t(u). Determine k(4).
0
Let q(s) be the second derivative of s**6/120 + s**5/10 + 7*s**4/24 + s**3/6 + s**2 + 4*s. Let o(h) be the first derivative of q(h). What is o(-5)?
-9
Let g(o) = o**3 - 9*o**2 + 8*o + 4. Suppose 75 = 4*m + 7. Let q = m - 9. What is g(q)?
4
Suppose -y - 2 = -3*u, 2*u + 17 - 1 = 5*y. Suppose -u*m = -0*m + 22. Let n = -15 - m. Let f(d) = -d - 1. Give f(n).
3
Let q(g) = g**2 - 9*g + 2. Let t(v) = -v**3 + 4*v**2 - v + 12. Let p be t(4). Determine q(p).
-6
Let b(s) = s**2 - 5*s + 3. Suppose -o - 2*o - 2*v = -25, 2*v = 10. Let x be b(o). Let z(l) = 6 - 4*l**3 + 3*l**3 - 3 + 2*l**2. Determine z(x).
-6
Let d(i) be the first derivative of -i**4/4 + 5*i**3/3 - i**2 - i - 10. What is d(5)?
-11
Let m = 5 + -4. Let a(h) = h**2 - h + 1. Let f be a(m). Let i(b) = 7*b**2 - b + 1. Give i(f).
7
Let x(q) be the second derivative of q**4/12 + q**2 + 2*q. Let i be (0 + 0)*2/(-4). Suppose i - 3 = -n. What is x(n)?
11
Let w be (-9)/(-4*1 - -3). Let t(h) = -3*h**3 - 3*h**2 - 3*h - 2. Let q(f) = -13*f**3 - 11*f**2 - 11*f - 7. Let g(m) = w*t(m) - 2*q(m). Determine g(-4).
0
Let b be (-4)/(2/4 - (-15)/(-6)). Let u(m) be the first derivative of -2 + 10*m - 1/2*m**b. What is u(5)?
5
Let r(q) = 2*q**2 + 0 - 1 - 4*q + 3*q. Let b be r(-1). Let t(x) = -1 + 5*x + b + 0. Give t(1).
6
Let f = -4 + 1. Let v = f - 3. Let z(w) = w**3 + 7*w**2 + 8*w + 8. Determine z(v).
-4
Suppose -z = z. Let i(n) = 6*n**2 - 1 - 4*n**2 - n**2. Calculate i(z).
-1
Let h(y) = -y - 1. Let a(s) = 3 + s - 2*s + 0*s. Let z = -53 - -58. Let i be a(z). Determine h(i).
1
Let t(v) be the second derivative of v**4/12 - v**3 + 5*v**2/2 + v. Give t(5).
0
Let i(u) be the third derivative of -u**6/120 + u**5/60 + u**4/12 - u**3/6 - 8*u**2. What is i(2)?
-1
Let q(a) = -a**2 + 8*a - 4. Let g = 5 + 2. Let p be q(g). Let i(n) = -3*n - 3. Determine i(p).
-12
Let s(v) be the first derivative of v**5/20 - 5*v**4/12 - 7*v**3/6 + 7*v**2/2 + 2*v - 5. Let a(z) be the first derivative of s(z). Calculate a(6).
1
Suppose 0*k + 6 = 3*k. Suppose k*d = -2*d + 12. Let g(f) = -2 + 3*f - 4*f + 5*f**3 - 3*f**d. Give g(2).
12
Let y(n) = n + 10. Let g(s) = 3*s + 21. Let b(x) = -2*g(x) + 5*y(x). Let o be 4*(-5 - 2) + 1. Let j be 9/o*(1 + -16). Give b(j).
3
Let r(o) be the third derivative of o**6/120 + 7*o**5/30 + o**4/2 - 4*o**3/3 - 15*o**2. What is r(-13)?
5
Let j = 12 + -10. Let o(u) = -j - 1 - 5*u + 2. Let l = 0 - 1. Calculate o(l).
4
Let r = -4 - -5. Let q(f) = -5*f**3 + f**2 - f. Give q(r).
-5
Let d(r) be the third derivative of r**5/30 + r**4/12 + 5*r**2. Give d(-2).
4
Let g(c) = -3 - 16*c - c**2 - 3 + 8*c + 1. Determine g(-6).
7
Let g(m) = -3*m + 0 + 3 - 5 + m**2 - 2. Determine g(5).
6
Suppose -s + 13 = 5*h, 8 = -0*h + 4*h. Let t = s + -2. Let r(p) = 8*p + 1. What is r(t)?
9
Let s(v) = -v**3 - 9*v**2 + v + 11. Let p be s(-9). Let a(i) = 2*i**3 + p*i**2 - 3*i**3 - i + 5 + 2*i**2. Calculate a(4).
1
Let k be (0 - 1) + 1*10. Suppose k = 4*l + 1. Let o(a) = -4*a**2 - 1 + 2*a**l + 4*a + a**2 - a**3. Give o(-3).
5
Let l(d) = -d - 2*d - 4 + 4*d + 1. Calculate l(-4).
-7
Suppose -2*z - 4*m = -8, 3*z - 7 = -m - 0. Suppose 5*c + 25 = 0, c - 15 = -z*w + 4*c. Let s(k) be the first derivative of -k**2/2 + 6*k - 37. Give s(w).
6
Let s(i) = 4*i**2 - i + 3. Let f(l) be the second derivative of -7*l**4/12 + l**3/3 - 5*l**2/2 + 2*l. Let y(b) = -3*f(b) - 5*s(b). What is y(1)?
0
Let c(u) = 4*u + 8*u**2 + u**2 - u**2 + 2 - 6*u**2. Give c(-2).
2
Let v be (-58)/(-10) - 6/(-30). Let f(g) = 2 - 5*g - 14*g**3 + 3 + 4*g**2 + 15*g**3 - v. What is f(-5)?
-1
Let x = 11 - 5. Let p(v) = -v + 7. Calculate p(x).
1
Let b(q) = q**3 - 3*q**2 - 3*q - 2. Let g = 18 - 14. What is b(g)?
2
Suppose -16 = -12*h + 8*h. Let u(m) = m - 6. Determine u(h).
-2
Suppose 4*x + 12 = 3*m + 8, 4*m = x + 1. Let p(g) = g + 21. Calculate p(m).
21
Let a = -14 - -10. Let c = a - -7. Let b(o) = -o**3 - 4*o**2 + c - 2 + 3*o**2. Give b(1).
-1
Let m(z) be the first derivative of z**4/4 - 7*z**3/3 + 3*z**2 - 6*z - 10. Give m(6).
-6
Let g = 2 + 0. Let a = 42 - 40. Let s(t) = 3 - g - t - a*t. What is s(2)?
-5
Let n(j) = -j + 1. Let u(c) = -4*c - 2. Let q be (1*(-6)/3)/1. Let y be u(q). Determine n(y).
-5
Let s(f) be the third derivative of f**8/2240 + f**7/2520 - f**6/720 - f**4/3 - 6*f**2. Let x(b) be the second derivative of s(b). Calculate x(1).
3
Let j(b) = b**2 + 4*b + 2. Let l(q) = -q**2 - 4*q - 2. Let f(z) = -2*z - 6. Let i be f(0). Let w(a) = i*l(a) - 5*j(a). Let 